uppose -2*o - 5 = 4*n + 3, -3*n + o - 1 = 0. What is the units digit of (-4)/n + -3 - -4?
5
Let h = 94 + -56. What is the units digit of h?
8
Let n be (-4)/(2 - 3 - -2). Let h = -1 - n. Suppose 4*d = h*d + 5*i + 21, -3*i - 33 = -4*d. What is the units digit of d?
6
Let t(r) = 2*r - 4. Suppose 3*a = -f + 1, -5*f + 19 = -0*a + a. Suppose 3*s + f*x = 24, -2 = -4*s + 3*x + 5. What is the units digit of t(s)?
4
Let s = 12 + -7. Suppose -2*y = -3*m - 65, -y + 2*m = s*m - 19. What is the tens digit of y?
2
Suppose 223 - 55 = -4*r. What is the tens digit of r/(-4) + (-4)/8?
1
What is the units digit of 2/((-14)/8 + 2)?
8
Let m be 38/14 - (-10)/35. Suppose 2 - m = 2*r - j, 0 = r + 2*j - 12. What is the tens digit of 7/((-7)/(-12)) + r?
1
Let a(d) = 2*d + 11. Let j(k) = k + 12. Let v(i) = -3*a(i) + 2*j(i). What is the tens digit of v(-6)?
1
Suppose 0*s + 3*s = 5*o - 831, 0 = 4*o + 4*s - 652. What is the units digit of o?
5
Suppose 2*m + 63 = -m. Let l = m - -34. What is the units digit of l?
3
Let l(q) = q**3 - q**2 + q - 3. Let u be l(0). What is the tens digit of (-448)/(-10) - u/15?
4
Let k(y) = y**2 + y. Let r(i) = -2*i**2 - 7*i + 13. Let z(p) = k(p) + r(p). What is the units digit of z(-6)?
3
Let q(i) = i**3 - 2*i**2 - 3*i - 10. What is the tens digit of q(5)?
5
Let s(a) = a**3 - 3*a**2 + 6*a - 6. What is the units digit of s(5)?
4
Let k(w) = 8*w + 5. What is the tens digit of k(5)?
4
Let k(n) = 2*n + 2. Let a be k(2). Let x = a - 1. Suppose 3*t = 3*u + 30, -2*t - 40 = -x*t + 5*u. What is the units digit of t?
5
Suppose -1 = -4*c + 7. Suppose -x - 7*o = -c*o - 14, o - 6 = 3*x. Let z = x - -15. What is the tens digit of z?
1
Let j be (14/(-5))/((-5)/(-25)). Let c = j + 26. Suppose 3*v - 12 = c. What is the units digit of v?
8
Suppose -m - 20 = 4*u, -u = -4*m + 30 - 8. What is the units digit of 12*((-15)/u - 2)?
6
Suppose 3*k + 9 + 6 = 0, -3*k = s + 30. Let g = -6 - s. What is the units digit of g?
9
Let d = -6 + 4. Let o(f) = 2 - f**3 - 4*f + 5*f - 2*f**2 - f. What is the units digit of o(d)?
2
Suppose -3*q - 4 = 8, 3*s + 4*q = 89. Suppose 5*g = -5*u + 50, 5*u - 2*u = -4*g + s. Let w = g + -1. What is the units digit of w?
4
Suppose 0 = 2*c + r - 165, 2*c = -2*c + r + 315. What is the tens digit of c?
8
Let q(t) be the second derivative of 5*t**4/6 - t**3/6 + t**2 - 6*t. What is the units digit of q(-2)?
4
Let z be 2/2*(-2 + 1). Let a(c) = 5*c**3 - 2*c**2 + 1. Let w be a(z). Let r(g) = g + 11. What is the units digit of r(w)?
5
Suppose 5*w = 2*w + 3*b - 18, 2*w - 3*b + 17 = 0. What is the units digit of 4*(w + (-9)/(-6))?
2
Suppose -3*r + 816 = -11*s + 14*s, 0 = 4*r - s - 1083. What is the tens digit of r?
7
Suppose 3*u - 51 = -4*v, 2*u = 7*u - 25. Let m(f) = f**2 - 6*f - 12. What is the tens digit of m(v)?
1
Suppose 1 = -3*c + 4. Let u = 15 - c. What is the tens digit of u?
1
Let k = 34 - -26. What is the tens digit of k?
6
Suppose -2*h - 28 = -5*c, -2*h = 2*c - 3*h - 12. Suppose 4*q + 0 = c. Suppose -y - q = -13. What is the tens digit of y?
1
Let v = 21 + 6. Let y(x) = x**2 + 3*x. Let j be y(-4). Suppose -o + v = -4*w, -2*o = o + 5*w + j. What is the units digit of o?
7
Let m(k) = 15*k - 7. What is the units digit of m(3)?
8
Let o(k) be the third derivative of -k**6/120 + k**5/30 + k**4/8 - k**3/2 - 2*k**2. Let n be o(3). What is the units digit of 3 - -1 - (0 + n)?
7
Let j = -1 + -2. Let v = -2 - j. What is the units digit of v?
1
Suppose 0 = 19*m - 14*m - 105. What is the units digit of m?
1
What is the hundreds digit of -8*(-5)/((-30)/(-81))?
1
Let g = 13 - 24. Let z(b) = -5*b**2 - 5*b - 11. Let i(h) = 14*h**2 + 16*h + 32. Let u(p) = g*z(p) - 4*i(p). What is the tens digit of u(-6)?
1
Suppose -5*l - d + 14 = -7, 0 = -5*l + 5*d + 15. Let q be 2/(-6) + 163/3. What is the units digit of q/8 - (-1)/l?
7
Let n(j) be the third derivative of -j**4/24 + j**3/6 - 3*j**2. Let d be n(-2). Suppose 0 = -d*b + 8 + 13. What is the units digit of b?
7
Let h(b) = -7*b**2 - b. Let m be h(-1). Let y(s) = s + 3. Let j be y(m). What is the units digit of (-3 + (-12)/(-9))*j?
5
Let l(m) = 3*m + 94. What is the tens digit of l(0)?
9
Suppose -4*l + 95 = l. Suppose 3*k - l + 1 = 0. What is the units digit of k?
6
Let w(h) = -8*h - 12. What is the tens digit of w(-5)?
2
Let c = -51 - -227. What is the tens digit of c?
7
Suppose 4*t + r - 15 = 0, 3*t - 5 = -3*r + r. Let j = -2 - 2. Let l = j + t. What is the units digit of l?
1
Let h(d) = 4*d**2 + 3*d. Let y be h(4). Let t = 5 - -1. Suppose 5*v + 4*n - t*n = 74, y = 5*v - 3*n. What is the units digit of v?
4
Suppose 4 = -u - 19. Let y = 37 + u. What is the tens digit of y?
1
What is the units digit of ((-456)/(-36))/(4/18)?
7
Let b(q) = 36*q**2 - 2*q + 1. Let m be b(1). Suppose 2*g = g + m. What is the tens digit of g?
3
Let w(g) = g. Let x be w(0). Suppose x = -2*v + 3 - 1. What is the units digit of v?
1
Let l = -74 - -73. Let m = 18 + -12. Let h = l + m. What is the units digit of h?
5
Let o(r) = 6*r - 8. Let q be o(6). Let u = q + -18. What is the units digit of u?
0
Suppose 2*o + o = 3. Let l be -9*(3 - (1 + o)). Let u = -4 - l. What is the units digit of u?
5
Let s(y) = 10*y**3 - y**2 + y. Let u be s(1). Suppose 8*r - 9*r = -u. What is the units digit of r?
0
Let z(t) = -t**3 + 3*t**2 + t - 2. Let w be z(2). Suppose 4 - 7 = -l. Suppose -k - w = -l*k. What is the units digit of k?
2
Let i be 3/((-3)/6 - -2). Suppose -i*y = 2*y. Suppose 0 = 4*w - y*w - 2*q - 12, q - 10 = -2*w. What is the units digit of w?
4
Let f = -17 - -38. Let q = f - 14. What is the units digit of q?
7
Let c(k) = -k**3 + 3*k - 2. Let h be c(-3). Let x = h + -10. Suppose -1 + x = 5*b. What is the units digit of b?
1
Let z = -6 + 10. Let y be 1*(-3 - -2) + 4. Suppose -7 = 5*x + y, x = -z*s + 14. What is the units digit of s?
4
Suppose 0 = 3*v - 0 - 6. Suppose 2*l - 91 = 5*a, v*l + l - a - 104 = 0. What is the units digit of l?
3
Suppose 5*o - 3*o - 8 = 0. Let g(u) = u**2 + 5*u - 3. Let t be g(-5). Let w = t + o. What is the units digit of w?
1
What is the units digit of (303/(-3 - 0))/(1 + -2)?
1
Suppose 0 = -5*y - 0*y + 4*z + 2, -z + 2 = 0. Suppose -y*j + 6 = 3*c - 46, 5*c = -2*j + 92. What is the units digit of c?
0
What is the hundreds digit of 236 + (-8)/(32/12)?
2
What is the units digit of 1 - 34/(-3) - (-6)/9?
3
Let y(x) = 2*x**2 - 3*x + 52. What is the units digit of y(0)?
2
Suppose 4*h = 5*m + 25, -m + 2*m = 4*h - 21. Suppose -3*p + c + 11 = 0, 3*p - 8 = h*c - 1. What is the units digit of p?
4
Suppose 204 = 6*b - 96. What is the tens digit of b?
5
Let n = -6 - -13. Suppose -3*v - 28 = -n*v. What is the units digit of v?
7
Let f(w) = -w**3 - 5*w**2 + 3*w - 6. Let k be 8*(-6)/16*2. What is the units digit of f(k)?
2
Suppose v - 3 = -2*m, 3*v - 24 = -v + 4*m. What is the units digit of v?
5
Let o be -1*2/(0 + -2). Let u be 7 - (2 + o - 2). Suppose 0*t + u = 3*t. What is the units digit of t?
2
Suppose 1 + 11 = 4*h. Suppose -h*x = 10 - 67. What is the tens digit of x?
1
Let u = 4 + 0. What is the units digit of u/16*(-2 + 6)?
1
Let l(i) = 8*i**2 - i. Let q be (0 - 1)*(-1 - -1). Let h = q - -1. What is the units digit of l(h)?
7
Let c be 1/(1/15*1). Let p = -5 + c. What is the units digit of p?
0
Let t = -40 + 52. What is the units digit of t?
2
Let k(s) = s**2 - 1. Let n(u) = -u**2 - 7. Let i(f) = 6*k(f) - n(f). What is the units digit of i(1)?
8
Suppose 4*k - 3*x - 16 = x, 0 = -5*k + 4*x + 19. Let u = -63 + 85. Let h = u - k. What is the tens digit of h?
1
Let v = -3 - 0. Let n(u) = -6*u + 2. What is the tens digit of n(v)?
2
What is the tens digit of 6/(-36) - 830/(-12)?
6
Let f = -21 - -22. What is the units digit of f?
1
Suppose 3*s - 6 = -4*v - 0*s, -3*v + 4*s = -17. Suppose 0 = v*m - m. Let o = m + 1. What is the units digit of o?
1
Let r be ((-2)/3)/(1/(-6)). Suppose 5*b = r*b + 28. Let f = -14 + b. What is the tens digit of f?
1
Let c = 2 + -6. What is the units digit of 2/c*(4 + -6)?
1
Suppose 7*u - 1 - 13 = 0. What is the units digit of u?
2
Suppose -347 = -p + 5*y, 0*y = -p - 3*y + 379. What is the hundreds digit of p?
3
Let t = 68 + -40. What is the tens digit of t?
2
Suppose 12*o - 24 = 8*o. What is the units digit of o?
6
Suppose -4*x - 5*y = -2*x - 145, -2*x + 4*y = -154. What is the tens digit of x?
7
Let u(p) = 4*p**2